j be h(-21). Calculate the highest common divisor of 201 and j.
67
Let s(f) = -f**2 + 19*f + 31. Let t = 31 + -11. Let a be s(t). What is the highest common divisor of a and 22?
11
Suppose -4*p + 0*p + 5*j = -15, p + 4*j - 9 = 0. Suppose 0*x + n - 29 = -3*x, x + 9 = -p*n. Calculate the highest common factor of x and 121.
11
Let j = 1 + 20. Let n = -14 + j. Suppose -5*x - 5*b = -225, 8*b = -4*x + 3*b + 176. Calculate the highest common divisor of n and x.
7
Suppose -60*v + 1175 = -55*v. Calculate the greatest common factor of 5 and v.
5
Let q(c) = 104*c**3 - 2*c**2 + 4*c - 3. Let s be q(2). Suppose -5*r + s = -611. Suppose -r = -4*a + a. What is the highest common factor of a and 24?
24
Let r = 0 - -5. Suppose -r*t - 9 - 11 = 0. Let k be (t/(-6))/((-4)/(-60)). What is the highest common divisor of k and 70?
10
Let y(l) = 3*l**2 + 10*l - 9. Let w be y(-7). Suppose 0 = -5*i - 508 + w. Let u be (i/(-22))/((-2)/(-8)). Calculate the highest common factor of 2 and u.
2
Suppose -183 = -11*g + 147. What is the greatest common divisor of g and 135?
15
Let i(c) = c**2 + 4*c - 19. Let a be i(-9). Suppose -a = -5*j + 4*j. Suppose 21 = f - 0*n + 4*n, f + 2*n = 17. What is the greatest common divisor of f and j?
13
Let x(y) = 53*y - 8. Let i be x(1). Calculate the greatest common divisor of i and 330.
15
Let m(r) = 2*r - 3. Let x = -5 + 10. Let u be m(x). Suppose 5*p + 4 = u*p. Calculate the greatest common divisor of 5 and p.
1
Suppose 0*d + 2*d = -10, 5*x - d = 35. Let h be (3/4)/(-1 - 15/(-12)). Suppose 0 = c - 2*r + 3 - 5, h*r = 6. What is the greatest common divisor of x and c?
6
Let l = 1681 + -1468. Calculate the greatest common divisor of l and 2059.
71
Let i(n) = -n**2 - 58*n + 317. Let l be i(5). What is the highest common divisor of 32 and l?
2
Let j(h) = -h - 9 + 4*h**2 - 8*h**2 + 5*h**2. Let i be j(-4). Let w = 76 - 21. Calculate the highest common divisor of i and w.
11
Let q(b) = 9*b - 1. Let l = -9 + 11. Let u be q(l). Let g be 1*(u - 0 - -3). What is the highest common factor of g and 20?
20
Let z be (-96)/144 + 137/3. Let q(b) = b**2 + 5*b + 10. Let t be q(-5). What is the highest common divisor of t and z?
5
Let q = 771 - 78. Calculate the greatest common divisor of 14 and q.
7
Let o = 457 - 361. Calculate the greatest common factor of 3 and o.
3
Let a(q) be the second derivative of -q**3/3 + 2*q**2 - q. Let y be a(3). Let d be (y - 1)/(6/(-32)). Calculate the greatest common divisor of 80 and d.
16
Let h be 4/78 - (-26160)/936. What is the greatest common factor of 16 and h?
4
Suppose k + 160 + 107 = -2*n, -4*k = 3*n + 388. Let r = -92 - n. Suppose -b = 3*z - 2, 2*z + 0*z = -b + 5. What is the highest common factor of b and r?
11
Let x(q) = 21 - 2*q**2 - 5*q**2 + 3*q**2 + 3*q**2 + 16*q. Let m be x(18). Let w = m + 35. What is the greatest common factor of w and 5?
5
Let a(z) = z**3 - 7*z**2 - 9*z + 12. Let g be (-76)/57*1*-6. Let d be a(g). Let i be 15 + 1/(d/12). Calculate the greatest common divisor of i and 54.
18
Suppose 5*g - 2*g = -9. Let q be g - (2 + -43 + 1). Calculate the highest common factor of q and 259.
37
Let x(l) = -l**3 + 51*l**2 - 36*l + 124. Let b be x(50). Calculate the greatest common divisor of 309 and b.
103
Suppose 19*h + 18*h - 370 = 0. Let y = -8 + 33. What is the greatest common factor of h and y?
5
Suppose s + 5*u + 9 = -2*s, -3*u = 2*s + 5. Let g be (72/3)/((-15)/12 + s). Calculate the highest common factor of 32 and g.
32
Let j be (-595)/70*-7*2. What is the greatest common factor of j and 34?
17
Let i = 16 + -14. Let s be 6*(-3 - (-7)/i). Suppose 0 = s*b - 3, b = w + 2*w - 11. What is the greatest common divisor of w and 10?
2
Let l be 2 + 3082/8 + 65/(-260). Calculate the greatest common divisor of 27 and l.
9
Let q = -674 + 706. Calculate the greatest common divisor of 3424 and q.
32
Suppose 6*z - 11 = 67. Let b = -14 + 79. What is the highest common divisor of b and z?
13
Suppose 31*d + 320 = 36*d. Let n = -31 + 63. What is the greatest common divisor of n and d?
32
Let z(b) = 6*b**2 + 2*b - 4. Let f be z(2). Let h be (f/7)/(42/147). What is the highest common divisor of 6 and h?
6
Suppose -3*n + 4*n = 451. What is the greatest common divisor of n and 41?
41
Let w(q) = q**2 + 6*q + 4. Let f be w(-8). Let m be (-4)/10 - (-348)/f. Let p = m - 3. Calculate the highest common factor of 112 and p.
14
Suppose 4*m - 24 + 4 = -4*b, -2*m + 2*b = 6. Let n be m + (-9 + 4 - -4). Suppose n = -3*c + 58 - 1. What is the highest common factor of 209 and c?
19
Let o(t) = 44*t - 3. Let z be o(2). Suppose 11 = 8*s - 29. Suppose f = -s*f + 102. Calculate the highest common factor of f and z.
17
Let f(m) = -m**2 - 9*m - 2. Let h be f(-6). Suppose 2*z = 4*l + 8, -5*z + 4 = l - h. Suppose z = q - 5. What is the highest common factor of q and 99?
9
Suppose 171*x - 111*x = 240. Calculate the greatest common divisor of x and 3.
1
Let n = -1737 + 1863. What is the greatest common factor of n and 280?
14
Suppose 21 = 54*f - 627. What is the highest common divisor of 12 and f?
12
Suppose 4*w - w - 106 = 2*q, -4*w + 156 = q. Suppose 5*a = c - 2*c + 282, 3*c = -9. Calculate the highest common divisor of a and w.
19
Suppose -142*f = -138*f - 480. What is the highest common divisor of f and 96?
24
Let j(m) = -m**3 - 11*m**2 - 12*m - 13. Let a be j(-10). Let g = 187 + -129. Let k = 107 - g. Calculate the highest common divisor of a and k.
7
Suppose 2*d - 56 = 120. Suppose -h = h - 2. Let i(v) = 8*v**3 - v**2 + 1. Let n be i(h). What is the highest common factor of n and d?
8
Suppose -a - 5*z + 23 = 2*a, 2*z = 5*a + 3. Let v be (a/6 + 1/3)*26. What is the highest common divisor of v and 13?
13
Let s = -27 + 48. Let w be 3/(-7) - (-471)/s. Calculate the greatest common divisor of w and 55.
11
Suppose 13*b = 10*b. Suppose 5*t - 2*t - 15 = b. Suppose 0 = t*o + 10, -5*o = 2*s - 203 - 3. What is the greatest common factor of s and 12?
12
Let p be 6/8*40/(-2 - -7). Let s be -4 - (-4)/p*12. Suppose -2*j - 6 = -q, 5*j = -5*q + 23 + 7. What is the greatest common factor of s and q?
2
Suppose 0 = -12*x + 18*x - 2064. What is the greatest common divisor of 43 and x?
43
Let g(d) = 2*d**2 + 4*d + 26. Let r be g(-4). What is the highest common factor of 15 and r?
3
Let t be ((-825)/18)/((-8)/48). Calculate the highest common divisor of 50 and t.
25
Let y(a) = -35*a - 21. Let f be y(-12). Calculate the greatest common divisor of 21 and f.
21
Let s be (4 + 8/(-3))/(8/1380). Calculate the greatest common factor of 40 and s.
10
Suppose o - 3*o - 882 = 0. Let z = -693 - o. Let b be z/(-16) - 2/(-8). Calculate the highest common factor of 32 and b.
16
Suppose 111 - 7 = 2*c - 4*g, -2*g = -3*c + 136. Calculate the greatest common factor of 322 and c.
14
Let g(v) = -v**3 + 11*v**2 + 12*v + 30. Let t be g(12). Calculate the highest common divisor of t and 150.
30
Let s(l) = -l**3 - 10*l**2 + l + 13. Let b be s(-10). Suppose -4*z - 30 = -2*u, u + z - 33 = -3*u. What is the greatest common divisor of b and u?
3
Let o(u) = 5*u**3 + 2*u**2 - 5*u + 3. Let t be o(1). Suppose t = -2*n + 15. Calculate the highest common factor of n and 35.
5
Suppose 322 + 197 = -3*h. Let u = -103 - h. Calculate the greatest common factor of 14 and u.
14
Let t be ((-2565)/(-6))/(12/16). Suppose -19 - 103 = -q - k, -5*q = -5*k - t. Suppose -q + 6 = -4*h. What is the greatest common divisor of h and 42?
14
Let x = 4788 - 1656. Calculate the highest common divisor of x and 87.
87
Suppose 7 = 3*m - 113. Suppose -5*v - 80 = -5*j, -5*v + 0*v = 5*j - m. Let a(q) = q**2 + q + 3. Let i be a(0). Calculate the highest common factor of j and i.
3
Let v = -1648 - -2890. Calculate the highest common divisor of 81 and v.
27
Let o(l) = -l + 5. Let p be o(4). Suppose 0 = 2*u + 1 - 5. Suppose 36 = 2*n + u*n. What is the highest common factor of p and n?
1
Suppose -2*t = 9 - 43. Let u = -17 + t. Suppose 4*i - 49 = -5*n, u*n + 55 = 5*i + 5*n. Calculate the highest common factor of 4 and i.
2
Let b(a) = a**3 + a**2 - 2. Let n be b(-2). Let m be (n/(-12))/(1/6). Let z be (-4 + 6/m)*-10. What is the greatest common divisor of z and 160?
20
Let r be (19 + -22)/(0 + 1/(-2)). Let n(w) = 4*w**2 + 3*w - 30. Let h be n(r). Let o be ((-1)/2)/((-1)/24). What is the greatest common divisor of o and h?
12
Let p(d) =